at is the units digit of c?
8
Suppose -3*a = 23*q - 19*q - 115935, 28983 = q + a. What is the thousands digit of q?
8
Suppose -56*g + 64896 = -50*g. What is the hundreds digit of g?
8
Let u(w) = 4*w**2 - 28*w + 3. Let g be u(7). Suppose 0 = -o, 0 = -5*n - o + g + 7. Suppose -4*z = -y - 42, -2 = -n*z - y + 22. What is the tens digit of z?
1
Let d = 500 - 199. Suppose 13*i - d = 6*i. What is the units digit of i?
3
Suppose -2*y + 12781 = -3*r, 14*r - 11*r = y - 6398. What is the thousands digit of y?
6
Let j be (-3)/(30/295)*(3 + -1). Let i = j + 36. Let f(v) = v**3 + 23*v**2 - 4*v + 38. What is the units digit of f(i)?
0
Suppose 2*w + 2 = -l - 2*l, 2*l = -3*w + 7. Suppose 176 = -w*r + 6. Let z = -7 - r. What is the units digit of z?
7
Suppose 3*i - 75 = 66. What is the tens digit of (-1)/((-2)/6) + 420 + i?
7
Let z(n) = n**3 + 18*n**2 + 18*n + 19. Let u be z(-17). Suppose 1257 = l - x, -15*l - 5010 = -19*l - u*x. What is the tens digit of l?
5
Let c be (-1464)/((-18)/(-3)) - 2/2. Let p be 72/(-7) + 5/(c/(-14)). Let s = 57 + p. What is the units digit of s?
7
Let h = -86093 - -129764. What is the tens digit of h?
7
Let q(r) = 55*r**2 - 4*r - 4. Let v be 2*((-5 - -13) + -6). What is the hundreds digit of q(v)?
8
Let r(o) = 178*o - 5928. What is the hundreds digit of r(130)?
2
Let y(x) = -x**2 - 2*x - 13. Let z be 3/(3/(-20)*2). Let l be y(z). What is the units digit of l/2*48/(-18)?
4
Suppose 0 = 4*x - 2*i + 152, 2*i = -1 - 3. Let g = -43 - x. Let n(k) = -3*k**3 - 6*k**2 - 5*k - 3. What is the hundreds digit of n(g)?
1
What is the units digit of ((-4)/6)/((-196)/1573194)?
1
Let v(p) = p**3 + 26*p**2 - 9*p + 4. What is the units digit of v(-19)?
2
Suppose 57867 = 3*s - 2*a - 8451, -110517 = -5*s - a. What is the thousands digit of s?
2
Suppose 5*m - 10*m = 295*m - 15862800. What is the thousands digit of m?
2
Let s be ((-36)/30)/((-6)/20). Suppose 3*x + s*o = 4*x - 22, x - 12 = 2*o. Let l = x - -84. What is the tens digit of l?
8
What is the hundreds digit of (-730425)/(-150)*(-4)/3*24/(-16)?
7
Let l(s) = 7*s**2 + 3*s - 1. Let g(m) = m**2 - 6*m - 1. Let k be g(6). Let j be l(k). Suppose o + 2*o = -5*r + 87, o = j*r + 29. What is the tens digit of o?
2
Let c(i) = 441*i + 146 - 660*i + 349*i. What is the tens digit of c(5)?
9
Let b = 24702 - 7554. What is the units digit of b?
8
Let w = 68 + -42. Suppose -110 + w = -3*o. Suppose -q - o = -97. What is the units digit of q?
9
Let w(r) = -73*r**3 - 13*r**2 + 2*r - 39. What is the thousands digit of w(-6)?
5
Suppose 3*t = -4*w + 48 - 9437, -4*w = 4*t + 9392. Let z = -1187 - w. What is the thousands digit of z?
1
Let i(j) = j**3 + 5. Let d(l) = -l**2 - 6*l - 6. Let a be d(-4). Let g be i(a). What is the units digit of 0 + 3 + (g - (8 - 5))?
3
Let x(q) = 105*q**2 - 7*q - 148. What is the hundreds digit of x(-6)?
6
Let r(b) = b**2 - 12*b + 59. Let z = -50 - -61. Let c be r(z). Suppose 0 = 2*w - 5*n - 10 - c, 0 = -2*w + 3*n + 62. What is the tens digit of w?
3
Let q be 15*(-7)/21*3. Let i = 121 - 49. What is the tens digit of (i/q)/(5/(-75))?
7
Let j(i) = -350*i - 20. Let s(b) = 175*b + 9. Let w(n) = 6*j(n) + 13*s(n). What is the units digit of w(1)?
2
Suppose 38 + 20 = 29*v. What is the tens digit of 5 + -11 + v + 0 + 567?
6
Suppose 2 = k + y - 3, -3*k - 5*y + 25 = 0. Suppose 4*t - 4*m + 24 = -t, 5*t - 5*m + 25 = k. What is the tens digit of (-414)/(-5) - t/(-5)?
8
Suppose -3*s + 4880 = 5*b, 3*b - 6 + 3 = 0. Suppose 18*i - s = -7*i. What is the units digit of i?
5
What is the hundreds digit of 141687/13*16/56?
1
Let v = 204 + -204. Suppose v = 9*r - 14*r + 1525. What is the hundreds digit of r?
3
Let n(i) = -5*i**3 + 12*i**2 + 5*i - 10. Let s be n(-8). Suppose 4*j - 3*c = 4356, 0*j + 3*j - 5*c - s = 0. What is the units digit of j?
6
Let o = -2745 + 1417. What is the hundreds digit of o/(-6)*54/24?
4
Let m(s) = -3*s + 10*s - 8028 + 8157. What is the tens digit of m(21)?
7
Suppose -4 = -4*n, -s + n + 17678 = 2*s. What is the hundreds digit of s?
8
Suppose -2*u - 4*o = 114, 3*o = -3*u + 8*o - 116. Suppose 0 = -43*x + 32*x + 262 + 1245. Let y = u + x. What is the units digit of y?
0
Let l(y) = -4*y**2 - 2*y + 273. Suppose 3*q = -2*h - 4, 9*h - 4*h + 10 = 2*q. What is the units digit of l(q)?
3
Let x be 15/6 + 555/10. Let f = -54 + x. Suppose -3*b = 2*h - 540, h - 540 = -3*b - f*h. What is the tens digit of b?
8
Let s(a) = -a**2 + 7*a + 6. Let i be s(7). Suppose -3*h = -2*h + 3. What is the tens digit of (-210)/(-8 - h)*26/i?
8
Let x = 119 + -110. Suppose 6*v - x*v = -3321. What is the units digit of v?
7
Suppose -y + 5*d = 15, -29 - 7 = -4*y - 4*d. Suppose 4*f = 3*h - 1877, 0 = -3*h + h + y*f + 1242. What is the hundreds digit of h?
6
Let z be -4*(-5)/(-8)*2. Let y = z - 71. Let j = y + 132. What is the tens digit of j?
5
Let l = -107 - -112. Suppose -l*x + 3*x + 1056 = 4*b, 0 = -b + x + 267. What is the units digit of b?
5
Suppose -4*x + 3*p - 117 = -7*x, -4*p + 120 = 3*x. Suppose -b + 4*d - 6*d = -12, -3*b + x = -d. Suppose 157 = n + b. What is the tens digit of n?
4
Suppose 3 + 19 = -22*h. Let c(q) = 1379*q**2 - 27*q - 27. What is the tens digit of c(h)?
7
Suppose -6*t + 0 + 24 = 0. Let p be t/10 + (-1306)/(-10). Let b = p - 72. What is the tens digit of b?
5
Suppose -3*i = -3*r + 50316, 0 = 82*r - 81*r - 4*i - 16757. What is the units digit of r?
7
Suppose -2*g - 12 = -y, -y = -g - 5 - 3. Let j(r) = y + 2 - 39 + 25*r - 12. What is the tens digit of j(10)?
0
Suppose -b + 20 = 3*b - 4*z, -4*z - 8 = 2*b. Suppose 2*k - 5*y - 428 = 0, -4*y - 388 = -b*k - 9*y. What is the units digit of k?
4
Suppose 144*d - 143*d = 904. Let z = d + 226. What is the thousands digit of z?
1
Let d be ((-24)/42)/((-4)/14). Suppose d*j + 1038 = 5*j. Suppose 5*c - j = -91. What is the tens digit of c?
5
Let r(a) = -3*a**2 + 121*a + 33152. What is the thousands digit of r(0)?
3
Let n be ((-28)/6)/((-230)/30 - -7). Suppose 0 = 10*m - n*m - 270. What is the units digit of m?
0
Let u be 6 - (72/(-8) - 0). What is the units digit of 4 - 5/u*-3*314?
8
Let b(w) = 6*w - 115. Suppose -2*u - 3*u - 2*x + 109 = 0, 4*u + x = 89. What is the tens digit of b(u)?
2
Let d be ((-3)/(15/(-4)))/(28/5670). Suppose -4*m = 5*x + 333, -129 - 69 = 3*x + 3*m. Let p = d + x. What is the tens digit of p?
9
Let h(w) = -5*w**3 - 6*w**2 + 3*w - 1. Let a(d) = 6*d**3 + 6*d**2 - 4*d + 2. Let c(f) = 4*a(f) + 3*h(f). What is the tens digit of c(3)?
8
Let b(o) = 4*o**2 + 50*o - 974. What is the hundreds digit of b(51)?
9
Let n be -7*8/(-28) + 26816. Suppose 43*y - 14591 = n. What is the tens digit of y?
6
Suppose 229*f = 246*f - 58735. What is the units digit of f?
5
Let s(a) = 26*a**2 + 183*a + 15. What is the tens digit of s(-16)?
4
Let b(c) = 36*c**2 - 27*c - 42. Suppose 5*l = 4*i - 42, -24*l + 6 = -23*l + 4*i. What is the units digit of b(l)?
6
Let q(v) be the first derivative of 30*v - 13 + 0*v**2 - 1/3*v**3. What is the units digit of q(0)?
0
Let j = 312 - 312. Suppose -4*y - 3325 = -3*q - j*q, -2*y = -4*q + 4430. What is the hundreds digit of q?
1
Suppose 0*i - 459 = -5*q + 4*i, -q + 3*i = -83. Suppose -p + 4*h + q = 2*p, -16 = -4*h. Suppose -y + 16 = c, -2*c - y + p = 2*y. What is the tens digit of c?
1
Let k be ((-12)/14)/(52/(-182)). Let y(z) = -3 + 0*z - 3*z + 8*z**2 + z. What is the tens digit of y(k)?
6
Let q = -118 - -131. Let u(j) = -j**3 + 13*j**2 - j + 16. Let m be u(q). Suppose -138 = -m*h + h. What is the units digit of h?
9
Let l = 30777 - 16830. What is the ten thousands digit of l?
1
Let w(j) = -j**3 - 25*j**2 - 60*j - 124. What is the tens digit of w(-25)?
7
Let u(r) = -r**3 - 57*r**2 - 51*r + 280. Let p be u(-56). Suppose 0 = 3*m + m - 420. Suppose -l = 5*c - 620, p = c + l + 3*l - m. What is the tens digit of c?
2
Let q be (3/6 + 3)*(-992)/(-56). Suppose q*m + 10634 = 75*m. What is the hundreds digit of m?
8
Suppose u + 3*z = 3*u - 34, -4*z = 5*u - 108. Let c = 957 - 942. Suppose u*i - c*i - 285 = 0. What is the tens digit of i?
5
What is the units digit of (1*(-2)/4)/(((-369)/(-1410482))/(-9))?
1
Let g(k) be the first derivative of 40*k**3 + 25*k**2/2 - 56*k + 67. What is the units digit of g(3)?
9
Suppose 0 = -11*s + 210 - 188. What is the tens digit of (-51)/24 + s + (-88815)/(-248)?
5
Suppose 36360 = 14*s + 6918. What is the hundreds di